mber?
False
Is 441557 composite?
False
Is 2107529 composite?
False
Is 151817 a prime number?
True
Is 72737 prime?
False
Is 13799 composite?
False
Is 278029 a composite number?
False
Is 321505 composite?
True
Is 479 a prime number?
True
Is 175129 a prime number?
True
Is 71954 a prime number?
False
Is 3109 a composite number?
False
Is 1329457 a composite number?
False
Is 12799 composite?
False
Is 308923 composite?
False
Is 633559 a prime number?
True
Is 22147 a prime number?
True
Is 13229 a composite number?
False
Is 5223 composite?
True
Is 349919 composite?
False
Is 1385 a composite number?
True
Is 673903 prime?
False
Is 2321 a composite number?
True
Is 25855 a composite number?
True
Is 885797 prime?
False
Is 35393 a prime number?
True
Is 191519 composite?
False
Is 6733 a composite number?
False
Is 1082 prime?
False
Is 58319 composite?
True
Is 67339 a prime number?
True
Is 59197 a composite number?
False
Is 10369 prime?
True
Is 153817 prime?
True
Is 59833 a prime number?
True
Is 33997 a composite number?
False
Is 72613 composite?
False
Is 292903 a prime number?
False
Is 563791 a prime number?
False
Is 565 composite?
True
Is 1785209 a composite number?
False
Is 5767 a composite number?
True
Is 543446 prime?
False
Is 3967 composite?
False
Is 164783 composite?
True
Is 919 prime?
True
Is 46457 prime?
True
Is 23839 prime?
False
Is 58889 composite?
False
Is 78635 a composite number?
True
Is 106979 prime?
True
Is 44947 prime?
False
Is 188198 a prime number?
False
Is 677497 composite?
True
Is 719333 a composite number?
False
Is 6982 a composite number?
True
Is 6259 a composite number?
True
Is 2174 a composite number?
True
Is 22829 a prime number?
False
Is 16153 composite?
True
Is 107495 composite?
True
Is 8885 a composite number?
True
Is 789 prime?
False
Is 758339 composite?
False
Is 193511 a composite number?
True
Is 234265 a composite number?
True
Is 261407 a composite number?
False
Is 161 prime?
False
Is 247501 a composite number?
False
Is 8081 a prime number?
True
Is 260335 a prime number?
False
Is 2519 composite?
True
Is 466121 a prime number?
True
Is 44755 prime?
False
Is 628737 a prime number?
False
Is 56402 a prime number?
False
Is 476943 a composite number?
True
Is 13114105 prime?
False
Is 185899 composite?
True
Is 22501 prime?
True
Is 123307 a prime number?
True
Is 39671 a prime number?
True
Is 160903 composite?
False
Is 497221 a prime number?
False
Is 23251 a prime number?
True
Is 11027 prime?
True
Is 321791 composite?
True
Is 234281 a composite number?
False
Is 9865 a composite number?
True
Is 748607 a composite number?
True
Is 326519 composite?
True
Is 24659 a prime number?
True
Is 86069 composite?
False
Is 4406 composite?
True
Is 15259 prime?
True
Is 118097 prime?
False
Is 25399 a composite number?
True
Is 292441 composite?
False
Is 752111 prime?
True
Is 15959 prime?
True
Is 611921 composite?
False
Is 224563 composite?
False
Is 1031 composite?
False
Is 48961 prime?
False
Is 3869 prime?
False
Is 222213 a prime number?
False
Is 166099 composite?
False
Is 1096267 composite?
False
Is 323369 composite?
False
Is 2333 composite?
False
Is 74677 composite?
True
Is 2927 a composite number?
False
Is 14051 prime?
True
Is 831139 composite?
False
Is 971 a prime number?
True
Is 3277 a prime number?
False
Is 1172657 prime?
True
Is 105371 composite?
True
Is 38039 a composite number?
False
Is 105998 a composite number?
True
Is 1194971 a composite number?
False
Is 6349 composite?
True
Is 3659 a prime number?
True
Is 74915 prime?
False
Is 7571 composite?
True
Is 28486 a prime number?
False
Is 68351 prime?
True
Is 20569 a composite number?
True
Is 1901 a composite number?
False
Is 418611 a composite number?
True
Is 25151 composite?
True
Is 5297 composite?
False
Is 606217 prime?
False
Is 388247 a composite number?
True
Is 669387 a prime number?
False
Is 372901 a prime number?
True
Is 10243 composite?
False
Is 61441 prime?
True
Is 68577 a prime number?
False
Is 181462 composite?
True
Is 266335 composite?
True
Is 636355 a prime number?
False
Is 199999 a prime number?
True
Is 98733 a prime number?
False
Is 2751137 a composite number?
False
Is 59951 a prime number?
True
Is 147853 composite?
False
Is 574261 prime?
True
Is 120539 prime?
True
Is 6719 a prime number?
True
Is 26769 prime?
False
Is 3643 prime?
True
Is 542197 a prime number?
True
Is 108713 a composite number?
True
Is 11053 prime?
False
Is 182807 composite?
True
Is 10313 composite?
False
Is 6449 composite?
False
Is 1381 a prime number?
True
Is 131891 prime?
True
Is 311509 a prime number?
False
Is 22577 composite?
True
Is 304366 composite?
True
Is 3691 composite?
False
Is 415253 composite?
False
Is 26473 prime?
False
Is 6899 a prime number?
True
Is 60118 composite?
True
Is 2321255 prime?
False
Is 16283 prime?
False
Is 8566 a composite number?
True
Is 279218 a composite number?
True
Is 1181809 prime?
False
Is 262747 a composite number?
False
Is 19417 composite?
False
Is 115057 composite?
False
Is 2633 a prime number?
True
Is 11201 composite?
True
Is 1403 a prime number?
False
Is 27733 prime?
True
Is 232801 prime?
True
Is 41051 prime?
True
Is 5077 composite?
False
Is 22513 composite?
True
Is 5189 prime?
True
Is 569237 a prime number?
True
Is 56257 composite?
True
Is 55547 a composite number?
False
Is 334 prime?
False
Is 746477 prime?
True
Is 51386 a prime number?
False
Is 676309 a prime number?
False
Is 20323 a composite number?
False
Is 3791623 a prime number?
False
Is 823334 composite?
True
Is 16273 a composite number?
False
Is 192373 prime?
True
Is 3833 prime?
True
Is 5381 composite?
False
Is 3183 composite?
True
Is 85889 prime?
True
Is 2862011 composite?
False
Is 907 a composite number?
False
Is 17291 composite?
False
Is 423631 composite?
True
Is 2302117 a composite number?
False
Is 162937 a composite number?
False
Is 51001 a composite number?
False
Is 403933 a composite number?
False
Is 721457 a composite number?
True
Is 217933 a composite number?
False
Is 407027 prime?
False
Is 203 a prime number?
False
Is 943 prime?
False
Is 96469 a composite number?
False
Is 9293 prime?
True
Is 5116161 composite?
True
Is 1594 prime?
False
Is 75629 composite?
False
Is 5017 composite?
True
Is 5543 composite?
True
Is 19373 a composite number?
False
Is 18743 a composite number?
False
Is 36037 composite?
False
Is 11443 a composite number?
False
Is 3137 prime?
True
Is 307 prime?
True
Is 15623 a prime number?
False
Is 8287 a prime number?
True
Is 80489 composite?
False
Is 308577 a composite number?
True
Is 44159 a composite number?
False
Is 73999 a composite number?
False
Is 74569 a prime number?
False
Is 42043 composite?
False
Is 2033 composite?
True
Is 43117 a composite number?
False
Is 11633 a composite number?
False
Is 5847 a prime number?
False
Is 2925973 a composite number?
False
Is 3827 a prime number?
False
Is 66911 composite?
True
Is 134553 a prime number?
False
Is 292571 prime?
False
Is 64871 composite?
False
Is 286373 a composite number?
True
Is 669557 a prime number?
False
Is 1773307 a composite number?
False
Is 38953 prime?
True
Is 354247 a composite number?
False
Is 4861 a composite number?
False
Is 19769 a composite number?
True
Is 950207 composite?
False
Is 8057 prime?
False
Is 2893 a prime number?
False
Is 703379 prime?
True
Is 83339 prime?
True
Is 46743 a prime number?
False
Is 304493 prime?
False
Is 124289 prime?
False
Is 1961 composite?
True
Is 46538 prime?
False
Is 234197 prime?
True
Is 66697 a composite number?
False
Is 22597 composite?
True
Is 29846 composite?
True
Is 12323 composite?
False
Is 1721 prime?
True
Is 144635 prime?
False
Is 863983 a prime number?
True
Is 39927 a prime number?
False
Is 147491 composite?
True
Is 125009 composite?
True
Is 46351 prime?
True
Is 3377 composite?
True
Is 16909 prime?
False
Is 31457 prime?
False
Is 355753 a composite number?
False
Is 1918765 composite?
True
Is 300293 prime?
False
Is 45691 prime?
True
Is 37097 a prime number?
True
Is 5969 a prime number?
False
Is 49661 prime?
False
Is 272227 composite?
False
Is 112171 a composite number?
True
Is 28387 prime?
True
Is 736607 a composite number?
False
Is 63949 composite?
False
Is 685453 a composite number?
False
Is 5669 a composite number?
False
Is 19702 a composite number?
True
Is 72987 a prime number?
False
Is 3